+ 3*u = 2*u + 26, 4*u = -5*h + 48. Let x be (-5980)/(-80) - (-2)/h. Let v = 127 - x. What is the greatest common divisor of 78 and v?
26
Suppose 24*d - 17 = -5273. Let a = 57 - d. What is the highest common divisor of 12 and a?
12
Let y = -4337 + 4973. What is the highest common divisor of 3 and y?
3
Let p = 172 - 496. Let s be (p/21)/((-2)/35). Calculate the greatest common factor of 216 and s.
54
Suppose 16*s - 322 - 9406 = 0. Calculate the highest common factor of 8 and s.
8
Let v = 14901 + -13291. What is the greatest common factor of v and 130?
10
Let l be (0 - 1)/((-9)/15084). What is the highest common factor of l and 16?
4
Suppose -15259*b + 15258*b + 1080 = 0. Calculate the highest common factor of 18 and b.
18
Let m be (4095/(-351))/((-2)/6). Let x = -10 - -38. What is the greatest common factor of x and m?
7
Let l(t) = t**2 - 10*t. Let h be (-6 - -1)/((-4)/(-4)) + -1. Let d be l(h). Calculate the greatest common factor of 3 and d.
3
Suppose 0 = -n + i + 2380 - 635, 6990 = 4*n - 2*i. What is the highest common divisor of n and 150?
50
Let s be -5 - 5/(20/24). Let x(a) = -4*a - 35. Let t be x(s). Calculate the greatest common factor of t and 9.
9
Let h = 11164 + -10958. Calculate the highest common divisor of h and 2987.
103
Let x(t) = -18*t**2 - 13*t + 6. Let w be x(-10). Let i be 2/13 - w/169. Let r be (-521)/(-4) - (-1)/(-4). What is the highest common divisor of i and r?
10
Let c = 3 - -1. Suppose 0 = 3*m + 9, 3*z = -z + 5*m + 7. Let w be 0/(-1) - z - (2 - 20). Calculate the highest common divisor of c and w.
4
Suppose -2 - 138 = -2*a. Let g = 3712 - 3699. Suppose 8*l - g*l + a = 0. What is the highest common factor of 2 and l?
2
Suppose 87 - 311 - 660 = -13*z. Calculate the highest common divisor of 2006 and z.
34
Suppose -5*s - 3*z + z = -40, -60 = -4*s + 4*z. Let d = 19384 - 19094. Calculate the greatest common factor of s and d.
10
Suppose 4*z - 143 = -39. Suppose -r + 14 = -3*s, -5*r + 0*s + 37 = -4*s. Suppose h + 2*j = 4*h - 302, j = r. What is the greatest common divisor of h and z?
26
Suppose 15 = s - d, 2*d - 115 = -5*s - 3*d. Let b(j) = 2*j**3 - 9*j**2 - 16*j. Let c = -41 + 48. Let v be b(c). What is the highest common factor of s and v?
19
Suppose -4800 = 6*r - 56*r. Let d be 3 - 2/((-3)/3). Suppose -2*j - 723 = -d*m + j, 0 = 3*j + 3. What is the greatest common factor of r and m?
48
Suppose -42*u - 8 = -38*u. Let h be (u/(-9) - 0) + 21/27. What is the highest common factor of h and 5?
1
Let m be -60*6*(-6)/54. Let t = -578 - 65. Let k = t + 1003. Calculate the highest common factor of m and k.
40
Let w(o) = -4*o + 43. Let t(a) = -1. Let v(k) = -2*t(k) - w(k). Let q be v(17). Let u = 39 - 12. Calculate the greatest common factor of u and q.
27
Let d(o) = 6*o**2 - 10*o - 23. Let x(a) = 2*a**2 - 5*a - 11. Let y(q) = 2*d(q) - 5*x(q). Let k be y(-4). What is the greatest common divisor of k and 21?
21
Suppose -36*h - 161 + 53 = 0. Let t be (3 + (1 - 1))*(-10)/h. What is the greatest common divisor of 35 and t?
5
Suppose 5*s - 2041 = -4*d, 2*s - 16*d + 12*d - 850 = 0. Calculate the greatest common factor of 91 and s.
7
Let g(w) = w**3 - 9*w**2 - 100*w + 822. Let x be g(12). Suppose 4*s - 2*s = 24. What is the greatest common divisor of x and s?
6
Suppose 5*x - 3*f = -2*f - 28, 3*f = 3*x + 12. Let m be 27/x*3*(-8)/3. What is the greatest common divisor of 90 and m?
18
Let x = -132 + 168. Suppose 0 = -c + 2*s + x + 10, -s + 34 = c. What is the highest common divisor of 361 and c?
19
Suppose -9*q - 42*q = -9333. What is the greatest common factor of q and 15?
3
Let n be (89/4)/(141/564). What is the highest common divisor of 2 and n?
1
Let r be ((744260/(-11))/(-20))/1. Calculate the highest common factor of r and 3184.
199
Let l be 996/4*(-2)/(-6). Let s be (-6664)/(-20) - (4/(-6) + 56/30). Calculate the greatest common divisor of s and l.
83
Let u be (-52)/520 - 2286/(-60). Let l = 5 + -3. What is the greatest common factor of l and u?
2
Let a = 7230 + -7040. What is the highest common factor of 874 and a?
38
Let l be 91/(-35) + 3 - 387/5. Let k = 110 + l. Calculate the greatest common divisor of k and 99.
33
Let g(u) = u**3 - 5*u**2 + 6*u - 3. Let t be g(4). Let m(b) = -39*b + 45 + 9*b + 16*b - b**2. Let x be m(-14). Calculate the greatest common divisor of x and t.
5
Let i = 6152 + -5784. Calculate the greatest common factor of 1984 and i.
16
Suppose 4*r = 686 - 558. Suppose -r*t + 34 - 2 = 0. Let c be ((-4)/(-8))/((-2)/(-4)). Calculate the highest common factor of c and t.
1
Let t(k) = 13*k**2 + 2*k - 6. Let z be t(4). Let a = -192 - -183. Let s be 38 + -6*-1*(-6)/a. Calculate the highest common divisor of s and z.
42
Let g = 530 - 496. Suppose -3*n + g = 16. Calculate the highest common factor of n and 32.
2
Let c be 5 - 2 - 7/(5 - -2). Suppose -c*z + 265 = 163. What is the highest common factor of 17 and z?
17
Suppose k = 6*k - 50. Suppose -k*h = -4*h - 3*h. Suppose 6*i - 78 - 42 = h. What is the highest common factor of i and 5?
5
Suppose 4*u = f - 146, u - 68 = -2*f + 188. Let s be 5*13/(f/12). Calculate the highest common factor of s and 264.
6
Let h = -126 - -254. Let c = -127 + h. Let x(w) = 6*w**3 + w**2 + 5*w - 5. Let r be x(c). What is the greatest common divisor of 7 and r?
7
Let j = 924 + -170. Let o = j - 742. Calculate the greatest common factor of o and 708.
12
Suppose -2*c + 3*k = -175 - 56, 2*k = -4*c + 422. What is the greatest common factor of c and 8640?
108
Let x be (128/28 - 4)*(-7)/(-2). Suppose 5*m - 516 = b + 555, 4*m - x*b = 852. What is the highest common factor of 86 and m?
43
Let f be 3/5 - (-399)/(-15). Let j = f + 27. What is the highest common divisor of j and 3?
1
Let t be ((-72)/(-132))/(3/33). Suppose t*m - 9*m = -5*n + 193, 113 = 3*n + m. What is the highest common factor of 247 and n?
19
Suppose -3*o = -4*o + 3. Let v = 389104 + -389097. Calculate the greatest common divisor of o and v.
1
Suppose -5*g + 170 = 2*s, -g - g + 77 = -s. Let m be (-264)/g*27/(-3). Calculate the highest common divisor of 165 and m.
33
Let y = -149 + 357. Suppose -4*v - y = -6*v. Calculate the highest common divisor of 39 and v.
13
Suppose 4*j - 1504 = -n, j = 4*n - 8*n + 5986. What is the highest common factor of 544 and n?
136
Suppose 3*o + 0*o + 3 = 0, -5*h + 4*o = -1819. Suppose -10*t - h = -43*t. Calculate the greatest common factor of t and 55.
11
Let f(g) = -g**2 - 4*g + 48. Suppose 4*p = -3*i, -3*i + 5*p = 4*p. Let r be f(i). Let h = 27 + -15. Calculate the highest common factor of h and r.
12
Let s(d) = d**2 + 12*d + 11. Let b be s(-11). Suppose 7*q - q - 132 = b. Suppose v + 2 = q. What is the greatest common factor of 140 and v?
20
Suppose -4*t = -1332 - 44. Let s = t + -496. Let b = -89 - s. Calculate the greatest common factor of b and 21.
21
Let x = 17273 + -12477. What is the greatest common divisor of x and 109?
109
Let u = -12277 - -14352. Calculate the highest common divisor of 913 and u.
83
Let t = 136 - 97. Suppose 4209*y - 4534*y = -164775. What is the greatest common factor of y and t?
39
Let w be -3*-190*(-3)/18. Let i = -66 - w. Suppose -4*x + 0*f + i = -3*f, 3*f = -x + 11. Calculate the highest common divisor of 1 and x.
1
Suppose -5 - 43 = -4*q. Let z(w) = -w**3 + 11*w**2 + 10*w + 4. Let a be z(9). Suppose -2*k + a = -8. What is the greatest common divisor of q and k?
12
Let a(m) = -m**3 - 4*m**2 + 44*m - 22. Let d be a(-9). Let n(b) = -14*b - 39. Let q be n(d). What is the highest common factor of 13 and q?
13
Let s(i) = -4*i**3 + i**2 + 6*i - 3. Let l be s(-3). What is the highest common divisor of l and 416?
32
Suppose 0 = -2*w + 429*h - 427*h + 28, -4*w - 3*h = -105. What is the highest common divisor of w and 5768?
7
Suppose -10*y + 9575 = -3535. Calculate the highest common divisor of y and 69.
69
Let p(g) = -g + 11. Let j be p(7). Suppose 5*k + 2*d = 141 + 42, 146 = j*k + 2*d. Suppose 5*o - 825 + 270 = 0. What is the greatest common factor of k and o?
37
Let m(u) = -3*u**2 - 370*u - 1452. Let r be m(-119). What is the highest common factor of r and 195?
5
Suppose -8*d + 13*d = 15. Suppose 0 = 2*g - 4*h - 84, -h - 84 = d*g - 5*g. Let l = -11 + 32. Calculate the greatest common factor of l and g.
21
Let r be 14/(-8)*2 - 5451/(-138). What is the greatest common divisor of r an